common divisor of l and 7.
1
Let v(u) = 137*u + 1. Let d be v(2). Suppose 3*h - d = -2*h. What is the greatest common factor of h and 11?
11
Suppose 10*n - 12*n + 210 = 0. Suppose 0*f - 4*f + 60 = 0. Calculate the greatest common divisor of n and f.
15
Let m(c) = -10*c + 3. Let n be m(-3). Let x = -22 + n. Suppose -49 = -z + 39. What is the highest common divisor of x and z?
11
Let f(u) = u**2 + 32. Let o be f(0). Let p(d) = -d**2 + 7*d + 6. Let i be p(5). Calculate the greatest common factor of o and i.
16
Let y = 8 - 4. Suppose -5*d - y = -24. Suppose d*o - 14 = 26. What is the greatest common divisor of o and 80?
10
Let m be (-87)/(-9) + (-1)/(-3). Let v = 7 - -3. Calculate the highest common divisor of v and m.
10
Suppose 40 = -k + 3*k. Suppose -5*v = 3*w - 50, k + 5 = 5*w. Let n = -43 - -120. What is the highest common divisor of v and n?
7
Suppose 3*o = 12 - 0. Suppose 0*k = -k + 3*x + 16, -o*k = x - 12. What is the highest common factor of k and 2?
2
Let k(q) = -q**2 - 9*q + 8. Let w be k(-8). Let b = 0 - -4. Let n be 220/1*b/5. What is the highest common factor of w and n?
16
Let a = 156 - 106. What is the highest common divisor of 10 and a?
10
Let y be 2*1*(-3)/6. Let l be -2 + (y - -2) + 19. What is the highest common factor of l and 12?
6
Let l(j) = -2*j - 16. Let w be l(-13). What is the highest common factor of 10 and w?
10
Let m = 133 + -93. Let s = -9 - -25. Calculate the greatest common divisor of m and s.
8
Let z be (-204)/(-18) - (-2)/3. Suppose -l + z = -4*w, -3*l + 3*w + 0*w = -63. What is the greatest common divisor of l and 4?
4
Let t(i) = 2 - 1 + 0*i - 4*i. Suppose -12 - 8 = 5*b. Let u be t(b). Calculate the greatest common factor of 68 and u.
17
Suppose -4*v + 0*v + 76 = 0. Calculate the greatest common factor of v and 76.
19
Let v be 9/(-2 + 3) + -2. Calculate the greatest common divisor of v and 56.
7
Let b be 1 - (-1 - 1 - 2). Suppose -b*s - 1 = f - 0*f, -3*f = 4*s - 52. Suppose -f = -3*q + 18. What is the greatest common factor of q and 154?
14
Let m be -2 - (-51 + 0) - (-6)/(-3). Calculate the highest common divisor of m and 47.
47
Let j(y) = y**2 + 5*y - 9. Let h be j(-7). Suppose 0 = -r - 0 + 3. Suppose 0*w = -r*w - 12, -5*w = 4*z - 40. What is the highest common divisor of h and z?
5
Let b be 1 - -3*13/3. Calculate the highest common factor of 35 and b.
7
Suppose 4*w - 12 = 2*t, 2*t + 4 + 4 = 0. Let x be 2 + w*141 + 0. Let z(i) = i**2 - 38*i + 50. Let u be z(37). Calculate the greatest common factor of u and x.
13
Let l be -1*(10 + -1)/(-1). Let t be 27/3*12/l. Calculate the greatest common divisor of 36 and t.
12
Let r(a) = 21*a - 36. Let g be r(12). What is the highest common factor of g and 24?
24
Let v(x) = -x**3 + 6*x**2 + 6*x - 9. Let c be v(6). Let z = c - 7. Calculate the greatest common divisor of 50 and z.
10
Suppose -13*c + 146 = -114. Calculate the greatest common divisor of 20 and c.
20
Let h(d) = d - 4. Let i be h(7). Suppose 0 = -i*u + 91 + 125. Suppose -3*t = -q + 18, 0 = -2*q - t + 10 + 5. What is the highest common divisor of u and q?
9
Let b(t) = -4*t + 4. Let p be b(-4). Let n = -65 - -99. Let l = n - p. What is the greatest common divisor of 35 and l?
7
Suppose -4 - 8 = -4*b. Let k = b - -7. Calculate the highest common divisor of 25 and k.
5
Suppose 2*m - 9 = 3. Let k(w) be the second derivative of -w**3/6 + 7*w**2 - 2*w. Let s be k(m). What is the greatest common divisor of 2 and s?
2
Let n(p) = p. Let b be n(1). Let l be (-6)/39 + (-270)/(-65). Let z be 3 + (3 - 3)/l. Calculate the highest common divisor of z and b.
1
Suppose -4*x - 57 = -3*a - 7*x, 0 = 4*x - 4. What is the highest common divisor of a and 54?
18
Let u(i) be the second derivative of -i**3/6 - i**2 + 2*i. Let r be u(-7). Calculate the greatest common divisor of r and 25.
5
Suppose 4*t = 8*t + 96. Let f = 11 - t. Calculate the greatest common factor of f and 385.
35
Suppose -5*i - 2*j + 165 = 0, 3*i + 3*j = -2*j + 99. Calculate the greatest common divisor of i and 22.
11
Let i(r) = -11*r + 3. Let x be i(2). Let q = x + 27. Suppose -16*j = -7*j - 180. What is the highest common divisor of q and j?
4
Let m be (-5)/(-10)*(3 - -1). Suppose -p + 5 = -0*p. Calculate the highest common divisor of p and m.
1
Suppose 4*o = -4*s + 44, 2*o + 2*s + s - 26 = 0. Let x = o - 6. Let n be 2 + (11/x - -1). Calculate the greatest common factor of 2 and n.
2
Let r = -6 - -2. Let o(v) = -3*v - 8. Let b be o(r). Calculate the highest common factor of b and 16.
4
Suppose 0 = -c + 5*f - 11, -3*c + 14 = -5*f - 3. What is the highest common factor of 126 and c?
14
Let m(s) = 36*s - 10. Let b be m(3). Calculate the highest common divisor of b and 14.
14
Let t = 120 + -30. Calculate the greatest common factor of 36 and t.
18
Suppose 3*z + 76 = 2*a, z + 144 = 3*a + 4*z. What is the greatest common divisor of a and 4?
4
Let v(f) = -f**2 + 3*f + 2. Let s be v(3). Suppose r - 23 = -s*r + 5*d, 0 = -r + d + 5. Suppose -7 + 2 = -5*g. What is the highest common factor of g and r?
1
Let z(i) = i**3 - 4*i**2 - 5*i. Let b be z(5). Suppose -5*d + b*d = -50. Calculate the highest common divisor of 90 and d.
10
Suppose 4 - 34 = -5*k. Let f = -7 - -8. Suppose 0 = m - f - k. What is the highest common divisor of m and 1?
1
Let n(s) = 7*s. Let l be n(2). Let j be (-3535)/(-28) + (-1)/(-8)*-2. Calculate the greatest common factor of j and l.
14
Suppose 0 = 16*m - 13*m - 39. What is the greatest common factor of 143 and m?
13
Let t = -3 + 8. Suppose -3*d - 34 = -5*i, 33 = t*i + 2*d - 11. Let y = 10 - -6. Calculate the highest common factor of y and i.
8
Let k be (5 + 1)/(3/2). Let a(v) be the first derivative of v**2/2 - 2*v + 5. Let w be a(6). Calculate the greatest common factor of k and w.
4
Let a = -2 + 6. Suppose 2 = -a*i + 10. Suppose -32 - i = -4*l + 3*u, 2*l + 3*u = 26. Calculate the greatest common divisor of l and 70.
10
Let m(a) = 2*a + 4. Let o be m(5). Let l = -9 + o. What is the greatest common divisor of 20 and l?
5
Let q = 40 - 30. Calculate the greatest common factor of 15 and q.
5
Let t = 22 - -8. Let q(x) = -x**2 - 14. Let f be q(0). Let z be 144/14 - (-4)/f. Calculate the highest common factor of z and t.
10
Suppose -5*f + 5 = -0, 0 = 2*i - 4*f - 2. Calculate the greatest common factor of 24 and i.
3
Let b be 61/4 + (-2)/8. Calculate the greatest common factor of b and 5.
5
Let y be 22*((-117)/52)/((-3)/10). What is the highest common factor of 15 and y?
15
Let k = 71 - 40. Suppose j + k = 2*n, -n + 2*j = j - 14. Let f = 14 + 3. What is the greatest common factor of n and f?
17
Suppose 5*n = -3*a + 6 - 20, -3*n - 4 = 4*a. What is the greatest common divisor of 5 and a?
1
Suppose -11 = -5*d + 364. Let m = -83 + 120. Let c = m + -22. What is the highest common divisor of d and c?
15
Let i(x) = -9*x - 9. Suppose 5*b = -13 - 27. Let t be i(b). Calculate the greatest common divisor of t and 21.
21
Suppose 0 = -3*d + 5*d - 16. Suppose -40 = -4*h + d. Calculate the greatest common divisor of h and 84.
12
Let i(g) = 0*g**2 - 2*g + g**3 + 3*g + 45 + g**2. Let f be i(0). Suppose 2*p - 46 = -3*c, -c - 34 = -2*c + 4*p. What is the highest common divisor of c and f?
9
Suppose x = 3*v + 1 + 5, 4*x - 3*v = 69. Calculate the greatest common divisor of x and 7.
7
Suppose -6*a = -a, 0 = t + 5*a - 49. Suppose -f + 33 = 4*h - 0*f, 0 = -5*h - 2*f + 45. What is the highest common factor of h and t?
7
Suppose 36*f - 35*f = 30. Calculate the highest common divisor of f and 90.
30
Let c(f) = 2*f + 37. Let y be c(0). Suppose -h - y = -3*g, h + 7 = g - 2*h. What is the highest common divisor of g and 26?
13
Let x = -28 + 64. Calculate the highest common factor of x and 324.
36
Let g = 29 - 11. Let v = -14 - -32. Calculate the highest common factor of g and v.
18
Suppose 3*s + 19 = 4*x, -3*x + 4*x + 3*s = -14. Let o = x - -7. Calculate the greatest common divisor of 1 and o.
1
Let m = -175 + 293. Suppose m + 62 = 5*n. Suppose -5*s = 0, 2*v + s = -2*v + n. What is the greatest common factor of 81 and v?
9
Let u = -3 + -4. Let m be (36/u)/((-10)/105). Calculate the greatest common factor of m and 6.
6
Let c(f) = 3*f - 22. Let b be c(10). Suppose -9*w + b*w + 12 = 0. What is the highest common divisor of w and 108?
12
Let b = 11 - 7. Suppose -4*l + 10 = 3*y, l - 2*y - 5 = -b*y